 6 = 5*c - 14. Let j be ((-44)/(-5))/(c/10). What is the greatest common divisor of j and 154?
22
Suppose -11 = 2*s + 5*h, -s - 10 = -4*h + 2. Let i(y) = -y**2 - 11*y - 1. Let p be i(s). Let q = 39 - p. What is the greatest common factor of 40 and q?
8
Let h = 6 + 5. What is the highest common divisor of h and 1?
1
Suppose 35 = 4*d - 5. Let v be (6/d)/((-5)/(-225)). What is the highest common divisor of v and 18?
9
Let w = 51 - 115. Let f be ((-1)/2)/(4/w). Suppose 5*m = f*m - 135. What is the greatest common divisor of 15 and m?
15
Suppose -4*b = 3 - 19. Calculate the greatest common divisor of 6 and b.
2
Let b = 2 + 9. Suppose -58 = -5*q + 2*q - 5*k, -k + 5 = 0. What is the highest common divisor of q and b?
11
Let z(q) = -3*q - 16. Let r be z(-18). What is the greatest common factor of r and 19?
19
Suppose -2*q = 3*q - 1820. What is the highest common divisor of q and 52?
52
Suppose 2*c - a = 341, 3*c - 4*c + 5*a + 166 = 0. Calculate the highest common factor of c and 19.
19
Let j be 0 + 0 + -2 + 178. Suppose -3*z + 70 = v, -3*v = 5 - 17. What is the highest common divisor of j and z?
22
Let d(f) = -f**2. Let a be d(0). Let q = 4 - a. Suppose 0 = 5*y + 5, 0 = -2*u - u - q*y + 32. Calculate the greatest common factor of 18 and u.
6
Suppose -3*b = i + i - 173, i - 76 = -5*b. Suppose -68 + 94 = 2*f. Calculate the highest common divisor of i and f.
13
Suppose -z - 54 = -3*d - d, d = -2*z + 9. Suppose -2*w + 111 - 7 = 0. Calculate the greatest common divisor of w and d.
13
Let d be -1 - 1/(1/(-90)). Suppose -2*h - 110 = 4*f, 175 = -4*h - 3*f - 40. Let z = d + h. What is the highest common factor of 24 and z?
12
Let s(r) be the first derivative of -13*r**2 - r + 1. Let h be s(-1). Let p be (-7 - -12)*(-1 - -3). Calculate the highest common factor of h and p.
5
Suppose n = -4*f - 16, 26 = 3*n + n - 2*f. Let t(j) = 2*j**2 + 2*j - 2. Let z be t(-2). Calculate the greatest common divisor of n and z.
2
Let r be (-1 - 1) + 0 + 2. Let n be (r + 1)/((-1)/(-4)). Suppose a = -2*l - 4*a + 32, n*l = a + 64. Calculate the highest common divisor of l and 8.
8
Let o(k) = 2*k - 49. Let r be o(27). Calculate the highest common divisor of r and 35.
5
Let h(v) = -4*v - 10. Let d be h(-5). Suppose -5*p = -13 - 12. Calculate the greatest common divisor of p and d.
5
Let g be (-21)/7 + 6/2. Suppose g = -3*f + 2*f + 29. Calculate the highest common factor of 116 and f.
29
Let a = -4 - -9. Let x(v) = v**2 + 12*v - 18. Let b be x(-14). Suppose b = -9*w + 11*w. What is the highest common factor of a and w?
5
Let y(w) = -41*w - 4. Let v be y(4). Let k = -64 - v. Suppose -26 - 39 = -5*z. What is the highest common factor of k and z?
13
Let p be (104/(-2) - 2)*-1. Let f(x) = 3*x**2 + 3*x. Let a be f(-3). What is the highest common factor of p and a?
18
Suppose 2*q + 2*q + 12 = -5*i, 0 = 5*q + i - 6. Calculate the highest common factor of 2 and q.
2
Suppose 0 = 3*q + 3*p - 5 - 1, -5 = -3*q - 4*p. Let a be (-386)/q - 1/3. Let i = -57 - a. Calculate the highest common divisor of 9 and i.
9
Let l = 75 - 74. Calculate the highest common divisor of 2 and l.
1
Let f(x) = 14*x - x**2 - 17*x + 3*x**2. Let s be f(2). Suppose 0 = -3*i - 2*p + 197, s*p - 260 = -i - 3*i. What is the greatest common factor of i and 42?
21
Let b be 8408/60 - (-8)/(-60). What is the highest common divisor of b and 35?
35
Let z(u) be the first derivative of -3*u**2/2 + 3*u + 2. Let j be z(-4). Calculate the highest common factor of j and 105.
15
Let p(z) = -7*z + 2. Let k be p(-2). Suppose -h + 2*h = k. Let t(v) = -6*v + 4. Let o be t(-2). What is the greatest common factor of h and o?
16
Let k(t) = -t**3 - 6*t**2 + 6*t - 4. Let w be k(-7). Suppose 15 = -w*s, -3*q + 3 = 3*s + 6. Calculate the highest common divisor of 2 and q.
2
Let b be 94/6 - (-8)/(-12). Calculate the greatest common factor of 105 and b.
15
Let s be 2/(-3) + 22/6. What is the highest common divisor of s and 6?
3
Let m = 8 + -7. Suppose 9 = y - m. Let b = 126 - 56. What is the highest common divisor of b and y?
10
Suppose 0*o - 154 = -3*t - 2*o, -4*t = -o - 209. Suppose -5*g + 3*g = 2. Let a(x) = -12*x**3 - x. Let b be a(g). What is the highest common divisor of b and t?
13
Let i(f) = 19*f**2 - 2*f + 7. Let n be i(-4). What is the highest common factor of n and 11?
11
Suppose -2*q = 3*h - h - 290, 3*q = 3*h + 465. Suppose n + 4*v = 30, -30 = -0*n - n + 2*v. What is the highest common factor of n and q?
30
Let i = 19 - 13. Suppose 3*n - 5*v - 27 = 0, -1 = -3*n + 2*n - v. Calculate the highest common divisor of n and i.
2
Let q(h) = -h**3 - 5*h**2 - 2*h + 4. Let a be q(-3). Let l be ((-4)/a)/(2/(-8)). Let v be l/(-3)*60/4. What is the highest common divisor of 10 and v?
10
Let h = 9 + -2. Let b(z) = 2*z**2 - 8*z - 6. Let l be b(h). Calculate the greatest common divisor of 18 and l.
18
Let b(o) = -o**2 - 9*o. Let v be b(-4). Suppose 1 = -4*w + 5. Let j be (1 - 2)/(w/(-8)). What is the highest common divisor of v and j?
4
Suppose 0*n + 32 = 3*o - 4*n, 2*n - 4 = -o. Calculate the greatest common divisor of o and 72.
8
Let i = 142 + -78. Let z be 87/(-12) - (-4)/16. Let u = 1 - z. What is the highest common divisor of i and u?
8
Let f be (-10)/(3 - 3/9)*-8. What is the highest common divisor of f and 20?
10
Let o(p) = -p**3 + 9*p**2 + 9*p. Let g(h) = h**2 - 3*h - 1. Let z be g(5). Let v be o(z). Calculate the highest common divisor of 9 and v.
9
Let f(g) = -g**3 - g**2 - g + 135. Let q be f(0). Calculate the greatest common factor of 15 and q.
15
Suppose 2*b - 19 = -5*l, 5*b = 4*b - 2*l + 10. Suppose -3*s - 570 - 72 = 0. Let m = -142 - s. Calculate the highest common divisor of m and b.
12
Let f be (-21)/(-1) + (-2)/(-2). Suppose 151 - 1351 = -4*u. Let s = 542 - u. Calculate the greatest common factor of s and f.
22
Suppose 3*g + z = 14, 5*g - 4*z + 8 - 3 = 0. Let s = 2 - 0. Suppose -9 = -2*q + 3*h, h - 3*h + 34 = s*q. Calculate the greatest common factor of g and q.
3
Suppose -5*x + 7 + 3 = 0. Suppose 2*c + x*c = 16. What is the greatest common factor of c and 8?
4
Let g = -81 + 176. Suppose -2*w - 3*v - 771 = 0, -2*v - 2*v - 1156 = 3*w. Let x be w/(-10) + 4/(-10). Calculate the greatest common factor of g and x.
19
Suppose 0 = 2*l + 2, -5*l + 0 = s + 1. Suppose 3*x + 7 = 4*x + 5*y, 4*x - 4*y - 52 = 0. What is the greatest common factor of s and x?
4
Let y(g) = -g**2 - 3*g + 2. Let k be y(-2). Suppose 5*o = 5*h, -5*h + 3*h = k*o - 6. Calculate the greatest common factor of o and 1.
1
Let b = -8 + 13. Let v be 0 - b/((-5)/6). Let j(d) = -d**2 + 9*d - 1. Let r be j(v). Calculate the highest common factor of 187 and r.
17
Let k(s) = -16*s + 16. Let w be k(-4). What is the highest common divisor of 10 and w?
10
Let s = 62 - 41. Suppose -2*o - o = -s. Calculate the greatest common divisor of 49 and o.
7
Let a(t) = t + 17. Let r be a(-14). Let x be r/12 + (-93)/(-12). Suppose -65 = -2*h + 15. Calculate the greatest common factor of h and x.
8
Suppose 230 = k + 4*k. Calculate the highest common factor of 69 and k.
23
Suppose -70 = -3*w - 13. Let o(z) = -w*z - 2 - 2 + 5 - 2. Let m be o(-1). What is the highest common factor of m and 2?
2
Let y(l) = -l + 12. Let q be y(-7). Let k(w) = 2*w - 6. Let p be k(5). Suppose -380 = -p*v - 0*v. What is the greatest common factor of q and v?
19
Let x be ((-12)/5)/(18/(-45)). Suppose 0 = x*c - c + l - 556, -5*c - 3*l = -548. Calculate the highest common factor of 14 and c.
14
Suppose 2*b - 5*o + 92 + 2 = 0, 0 = 2*b - 2*o + 88. Let i be 12/b - (-3084)/14. What is the highest common factor of 20 and i?
20
Let z(h) = 5*h + 7. Let b be z(13). What is the greatest common divisor of b and 9?
9
Suppose 8 + 2 = z. Let p(j) = 2 - 4*j - 2*j + 4*j. Let g be p(-4). What is the highest common factor of g and z?
10
Let m be 1*(90 + -2 + 0). Suppose 3*p - 5*p = 0. Let g = 8 - p. What is the highest common factor of m and g?
8
Let c(p) = p**3 - 3*p**2 - 6*p + 2. Let y be c(4). Let o(q) = -2*q. Let w be o(y). What is the highest common divisor of 36 and w?
12
Let x be (-1)/(-1) - 3 - 2. Let v = -6 - x. Let s be 8/(2 - 2 - v). Calculate the highest common divisor of 10 and s.
2
Let r = -75 + 190. Calculate the highest common factor of 23 and r.
23
Let k be (1 - (9 + -1))*2. Let b be -2*(k/(-4))/(-1). Suppose -2*c = -4*d + 150, -